f 90 and 12?
6
What is the highest common factor of 5562 and 72?
18
Calculate the highest common factor of 3960 and 45.
45
Calculate the highest common factor of 14 and 7588.
14
What is the highest common divisor of 770 and 17248?
154
Calculate the greatest common divisor of 588 and 6.
6
Calculate the greatest common factor of 284 and 355.
71
Calculate the highest common divisor of 388 and 679.
97
What is the greatest common divisor of 13 and 4121?
13
Calculate the highest common factor of 72 and 216.
72
Calculate the greatest common divisor of 6 and 272.
2
Calculate the highest common divisor of 3300 and 36.
12
What is the highest common divisor of 2 and 3394?
2
Calculate the greatest common factor of 312 and 52.
52
Calculate the highest common divisor of 1829 and 93.
31
What is the highest common factor of 437 and 23?
23
What is the highest common divisor of 19 and 2147?
19
What is the greatest common divisor of 219 and 1387?
73
What is the greatest common factor of 38955 and 49?
49
Calculate the highest common factor of 25 and 1.
1
What is the highest common factor of 180 and 3105?
45
What is the highest common factor of 2639 and 65?
13
What is the highest common factor of 4470 and 60?
30
Calculate the greatest common factor of 46 and 2.
2
Calculate the greatest common factor of 136032 and 109.
109
What is the greatest common factor of 275 and 880?
55
What is the highest common factor of 1161 and 9?
9
Calculate the highest common factor of 602 and 154.
14
What is the greatest common divisor of 1111 and 11?
11
What is the greatest common divisor of 155 and 1333?
31
What is the greatest common factor of 7018 and 1210?
242
What is the highest common divisor of 221 and 170?
17
What is the highest common factor of 276 and 62652?
276
Calculate the highest common factor of 14776 and 8.
8
Calculate the greatest common factor of 5217 and 564.
141
What is the highest common divisor of 793 and 1525?
61
Calculate the highest common divisor of 17180 and 20.
20
What is the highest common factor of 1024 and 20?
4
Calculate the highest common factor of 80 and 10.
10
Calculate the greatest common divisor of 9952 and 128.
32
What is the greatest common divisor of 1038 and 1?
1
What is the greatest common factor of 1243 and 143?
11
What is the highest common divisor of 3 and 309?
3
What is the greatest common divisor of 28 and 1148?
28
What is the greatest common factor of 33 and 48?
3
Calculate the highest common factor of 51 and 1377.
51
Calculate the highest common factor of 82 and 4018.
82
What is the greatest common divisor of 8 and 24488?
8
What is the highest common divisor of 1265 and 3105?
115
Calculate the greatest common factor of 1750 and 90.
10
What is the highest common divisor of 28 and 18088?
28
Calculate the greatest common factor of 55 and 120.
5
Calculate the greatest common factor of 1860 and 60.
60
What is the greatest common divisor of 33 and 11?
11
What is the greatest common factor of 77 and 44?
11
What is the highest common divisor of 364 and 4823?
91
What is the highest common factor of 29 and 37?
1
Calculate the highest common divisor of 59 and 413.
59
Calculate the greatest common divisor of 1 and 283.
1
What is the greatest common divisor of 874 and 8?
2
What is the greatest common divisor of 14 and 686?
14
What is the greatest common divisor of 28598 and 474?
158
Calculate the greatest common divisor of 2 and 279.
1
What is the greatest common factor of 21 and 343?
7
Calculate the highest common factor of 1376 and 258.
86
Calculate the greatest common divisor of 144 and 2816.
16
Calculate the highest common divisor of 1369 and 74.
37
What is the highest common factor of 1872 and 12?
12
Calculate the highest common factor of 4 and 37508.
4
What is the highest common factor of 351 and 1248?
39
What is the greatest common factor of 17055 and 45?
45
What is the highest common divisor of 299 and 91?
13
Calculate the greatest common divisor of 359 and 15.
1
Calculate the greatest common factor of 552 and 483.
69
What is the greatest common divisor of 864 and 32?
32
Calculate the greatest common factor of 125 and 3375.
125
Calculate the greatest common factor of 53 and 10123.
53
Calculate the highest common factor of 60 and 25.
5
What is the highest common factor of 144 and 546?
6
Calculate the highest common factor of 410 and 1558.
82
What is the highest common factor of 343 and 147?
49
What is the greatest common divisor of 2028 and 36?
12
What is the greatest common divisor of 65 and 25?
5
What is the highest common divisor of 136 and 40?
8
What is the greatest common divisor of 1080 and 200?
40
Calculate the greatest common divisor of 86 and 86.
86
Calculate the greatest common divisor of 368 and 2898.
46
What is the greatest common factor of 455 and 195?
65
What is the highest common divisor of 2266 and 22?
22
Calculate the highest common divisor of 553 and 79.
79
Calculate the highest common factor of 108 and 972.
108
What is the greatest common divisor of 1246 and 308?
14
What is the highest common factor of 2024 and 88?
88
Calculate the greatest common factor of 416 and 260.
52
What is the greatest common divisor of 333 and 81?
9
What is the greatest common divisor of 11 and 1375?
11
What is the greatest common divisor of 808 and 8?
8
Calculate the highest common factor of 1840 and 240.
80
Calculate the highest common factor of 58 and 1682.
58
Calculate the highest common divisor of 355 and 142.
71
Calculate the greatest common factor of 110 and 165.
55
What is the highest common factor of 2700 and 486?
54
What is the highest common factor of 16424 and 16?
8
Calculate the highest common divisor of 715 and 154.
11
Calculate the highest common factor of 181 and 3439.
181
Calculate the greatest common divisor of 28 and 21.
7
What is the highest common divisor of 204 and 14382?
102
Calculate the greatest common factor of 11067 and 62.
31
Calculate the highest common divisor of 48 and 18.
6
What is the greatest common factor of 396 and 144?
36
What is the greatest common factor of 45 and 360?
45
What is the highest common divisor of 8820 and 63?
63
What is the highest common factor of 8 and 41?
1
What is the highest common divisor of 11 and 4037?
11
Calculate the greatest common factor of 53 and 29.
1
Calculate the highest common factor of 99 and 561.
33
Calculate the greatest common divisor of 38 and 2.
2
Calculate the highest common factor of 81 and 2997.
81
Calculate the highest common divisor of 105 and 1085.
35
What is the greatest common factor of 52 and 3614?
26
Calculate the greatest common factor of 27 and 8163.
9
Calculate the highest common factor of 1958 and 242.
22
What is the greatest common divisor of 120 and 210?
30
Calculate the greatest common divisor of 7 and 26957.
7
Calculate the greatest common factor of 11051 and 86.
43
Calculate the highest common divisor of 24 and 54.
6
What is the greatest common divisor of 465 and 744?
93
What is the greatest common factor of 171 and 228?
57
What is the highest common divisor of 816 and 1156?
68
Calculate the greatest common factor of 5478 and 88.
22
What is the greatest common factor of 475 and 190?
95
What is the greatest common divisor of 736 and 46?
46
Calculate the greatest common divisor of 2484 and 1748.
92
What is the highest common factor of 248 and 4340?
124
Calculate the greatest common factor of 63 and 693.
63
Calculate the highest common divisor of 60 and 320.
20
What is the highest common factor of 4144 and 1008?
112
What is the highest common factor of 868 and 527?
31
What is the greatest common factor of 20 and 38080?
20
Calculate the highest common factor of 13 and 1391.
13
What is the highest common divisor of 63 and 18?
9
What is the greatest common factor of 532 and 84?
28
What is the greatest common factor of 88 and 66?
22
Calculate the greatest common factor of 21 and 2541.
21
What is the greatest common factor of 84 and 888?
12
What is the greatest common divisor of 46 and 2806?
46
What is the highest common divisor of 16 and 66?
2
What is the greatest common factor of 33 and 88?
11
What is the greatest common divisor of 4 and 23?
1
Calculate the highest common factor of 4680 and 78.
78
What is the highest common divisor of 1380 and 184?
92
Calcu